 c(v) = v + 9*v**2 + 35 - 16 + v**j - 20*v + 2*v. Is c(-10) a composite number?
False
Let x be (1 - 0)*9/(54/24). Suppose 5*u - 3*u + 338856 = x*q, -5*u - 423575 = -5*q. Is q prime?
True
Let x(j) = 651*j**3 - 38*j**2 + 199*j - 25. Is x(12) a prime number?
True
Let w = -38 + 2. Let s = -36 - w. Suppose -3*u + 2157 = -s*u. Is u a composite number?
False
Suppose 3*c - 5955 = b, -2*c = -5*b - 4941 - 24795. Is 8/(48/30) - b prime?
False
Suppose -5*v + 2*v = -483. Let u(m) = 518*m + 11 + 11 - v*m. Is u(7) composite?
False
Let l be (-1)/(-9) + (-15)/135. Let g(d) = -2*d**2 + 2*d + 12953. Is g(l) a composite number?
False
Let l(i) be the first derivative of 34*i**3/3 + 3*i**2/2 + 55*i - 59. Is l(14) a prime number?
True
Let y(i) = 2*i**3 - 30*i**2 - 14*i + 31. Let z be y(13). Let w = -438 - z. Is w composite?
False
Let y(b) = 16*b**2 - 8*b + 20. Let p be y(-6). Let q = 1721 - p. Is q prime?
False
Suppose 4*a + 10 = -a. Let g = a - -5. Let c(q) = 234*q - 11. Is c(g) a composite number?
False
Suppose 5*o = -5*b + 1589473 - 147713, 4*b - 3*o - 1153387 = 0. Is b prime?
True
Let r(d) = 51*d - 3208 + 3225 + 26*d. Is r(16) prime?
True
Let z(w) = -w**3 - 6*w**2 - 11*w - 64. Let b be z(-6). Is 13298 + 90/(-9) - (-6)/b a prime number?
True
Let q be 51/(-17) + (7 - 0). Let b be (-63)/(-28) - (-3)/q. Suppose 2*a = -2, b*c - c - 4202 = 4*a. Is c a prime number?
True
Let w be (-4 - -4)/(-9 + 7). Suppose -5*b + y + 45758 = w, -16828 = -3*b - 3*y + 10616. Is b a prime number?
True
Is (3 + 675170/8)/(2/8) composite?
True
Let o be ((-7)/14)/((14/12)/(-7)). Suppose 316 = -z + o*z. Suppose -z = -36*c + 35*c. Is c prime?
False
Let v(h) = 12719*h - 76. Let x be v(2). Suppose 13*w = 7*w + x. Is w composite?
True
Suppose 5082 - 211 = z. Let r = z + -2392. Is r a composite number?
True
Suppose 12008 + 8627 = -5*i. Let d = 122 - i. Is d a prime number?
False
Let m(w) = -2*w + 6. Let d be m(5). Is 14472/3 + (1 - d) composite?
True
Suppose -15565 = 29*l - 34*l. Let o = 5208 - l. Is o composite?
True
Let k(n) = -45*n + 659. Is k(-32) a composite number?
False
Suppose -112757565 = -451*a - 50*a. Is a prime?
False
Suppose 85834*u = 85815*u + 287413. Is u composite?
True
Suppose 61*a - 50*a - 165 = 0. Suppose -a*t + 173586 - 56601 = 0. Is t prime?
False
Suppose -8*x = -12*x + 3*n + 2384585, 0 = -3*x + 4*n + 1788437. Is x prime?
True
Let o(p) = 24776*p + 845. Is o(4) a prime number?
False
Let i(r) = r - 15. Let v be i(12). Let k be (-4 + (-66)/(-21))/(v/1281). Suppose 3475 = z + k. Is z a prime number?
True
Let m(z) = 57*z**2 + 102*z + 1294. Is m(-49) a prime number?
True
Let c be 4/(-10) - 4568/(-20). Let l = -498 + 349. Let f = l + c. Is f prime?
True
Suppose 66*s = 3527 + 49867. Is s a prime number?
True
Let w be (22/(-6))/((-5)/1725). Let x = -93 + w. Suppose -2*u + x = 2*u. Is u a composite number?
False
Let x = 31865 + 80532. Is x composite?
False
Let t = -478 - -282. Let k = t + 4095. Is k prime?
False
Let x = -19 - -21. Let g be (88 + 0 - 0)*24/48. Suppose x*y = -2*y + g. Is y a composite number?
False
Let x(z) = 465*z**2 + 14*z. Let l be x(2). Let h = l - -2705. Is h prime?
False
Let j(f) be the second derivative of 15*f**5/2 - f**4/4 - f**3/6 + 3*f**2/2 + 2*f - 3. Is j(2) prime?
False
Let m(l) = 2*l**2 - 55*l + 38. Let h be m(27). Suppose h*d - 1448 = 4745. Is d prime?
True
Let l be 27018/24*(-1 - (-4 + -1)). Suppose l = 8*k - 4273. Is k composite?
False
Let g = -31 + 36. Suppose -22160 = 5*f - g*d, 5*f + 3*d + 4424 = 4*f. Let w = f + 8847. Is w composite?
True
Let d be -9*(-3)/18*190. Let l = 979 - d. Is l a prime number?
False
Suppose 43 = 2*t + z, 2*z + 28 + 46 = 4*t. Let m be t*41*(-20)/(-25). Let b = m + -361. Is b a prime number?
False
Let l = 693879 - 313126. Is l composite?
False
Let q = 945 + -965. Is (1 + q)*(-97)/1 a composite number?
True
Suppose -100*g - 148564 + 15819864 = 0. Is g prime?
False
Suppose 0 = 28*n - 31*n - 609. Let b = n - -94. Let r = 828 + b. Is r composite?
False
Let u(i) = 88172*i**2 + 983*i - 4928. Is u(5) a composite number?
True
Let y(m) = 4*m**2 - 6 + 2*m**3 + 8*m - 9 - 7*m**2. Let n be y(6). Suppose 0 = -3*d + n + 786. Is d a composite number?
True
Let u(w) be the third derivative of w**4/4 + w**3/3 + 2*w**2 + 323*w. Suppose -6 = -4*a + 10. Is u(a) composite?
True
Let f = 13842 + -9120. Let y = f + -1863. Suppose -6*k + y = -3723. Is k a composite number?
False
Let y be (-1)/((3/36)/((-16)/12)). Suppose 4*f - 4 = y, -2*b + 4317 = -f. Is b composite?
False
Suppose 77165 + 101134 = 4*u + d, -4*d + 133708 = 3*u. Suppose 0 = -3*v + 5*m + u, -5*v - 4*m + 74350 = -m. Is v a composite number?
False
Let v(q) = -18074*q - 3121. Is v(-7) a composite number?
False
Let q(m) = 2*m**3 + 44*m**2 - 80*m - 4. Let f be q(-24). Let o = 7 - f. Is o a composite number?
True
Let q be ((-94)/42 - 8/(-14))*-3. Suppose q*b - 5*i - 24910 = 0, -4*b + 11*i + 19963 = 14*i. Is b composite?
False
Let b(o) = 734*o**2 + 18*o + 3. Suppose -4*n + 7 = 5*s + 16, n + 1 = -s. Is b(s) prime?
False
Let i(j) = -9*j**2 + 20*j + 2. Let u be ((-2)/2 + -6)/(0 + 1). Let y(g) = -8*g**2 + 18*g + 3. Let n(v) = u*y(v) + 6*i(v). Is n(-13) a composite number?
True
Suppose 17*x = 46 - 148. Is x/8 - -4502*(-10)/(-16) composite?
True
Let f = 218105 - -400566. Is f composite?
False
Suppose 0 = -r - 1369 + 5907. Let d = r - 3141. Is d prime?
False
Suppose d + 4*d + 19 = 4*h, -d = -1. Suppose -h = x - 3*x. Suppose -2*o = 2*y - 194, 121 + 63 = 2*y - x*o. Is y a composite number?
True
Suppose 24*k + 233636 = 4*w + 20*k, -175191 = -3*w - 3*k. Is w a prime number?
True
Let h be (-9)/(-12) - 45/(-20). Suppose h*j + j = 2*j. Suppose 2*o - 82 - 24 = j. Is o prime?
True
Is 1125675/18 + (-26)/4 a composite number?
True
Let o(v) = 2508*v**2 - 822*v - 5827. Is o(-7) composite?
False
Is (16/10)/(36/57937930) - 438/3942 a prime number?
True
Let o(r) = 5*r**3 - r**2 - r + 3. Let h(l) = -9*l**3 + l**2 + l - 7. Let n(u) = 4*h(u) + 7*o(u). Let v be n(-3). Is 1336 + 5 - v*2 a prime number?
False
Suppose 5*b - 1154470 = 5*v, 2*b - 378*v = -375*v + 461791. Is b composite?
False
Suppose 27*y + 72326 + 169920 = 29*y. Is y a prime number?
True
Let f(j) = -3384*j + 3547. Is f(-118) composite?
False
Suppose 687 = -14*w + 1933. Suppose 83*h = w*h - 9258. Is h composite?
False
Suppose -14*v + 16*v = -7*v + 898731. Is v a prime number?
True
Let t(u) = 4498*u + 905. Is t(8) a prime number?
False
Is ((-631479)/15)/((-37)/185) a prime number?
False
Suppose -3*b = b. Let c = -78 + 80. Suppose -5*z + 4*o = -2409, -c*z + b*z + 4*o = -966. Is z prime?
False
Let f(b) = 1123*b**2 - 6*b + 5. Let d be f(1). Let k = -525 + d. Is 3/(-12) - k*(-1)/4 a prime number?
True
Let t = 55 + -52. Let i(q) = -q**2 + 4*q + 2. Let w be i(t). Suppose 61 = k + w*g - 117, 0 = 5*g. Is k prime?
False
Suppose 0 = 14*x - 395183 - 1009039 - 1425164. Is x a prime number?
True
Let k be (-2 - (-11)/4)/(3/(-240)). Let x be (-5)/10*(-1 + k)*8. Suppose -496 = -10*f + x. Is f prime?
False
Let r(q) = 715*q - 77. Let z be r(3). Let l = z - 1189. Is l a prime number?
False
Let f(i) = -i**3 - 2*i**2 - i - 2. Let w be f(-2). Suppose -6*t + 2635 + 2087 = w. Is t a prime number?
True
Suppose 22*s + 1436342 = 4*s + 6280664. Is s prime?
False
Is (2/8)/(75/39000900) composite?
False
Let b be (-1)/(-6) + 3/(-18). Suppose 98 = -2*x - k, b = 5*k - k - 8. Is (53/(-4) + 0)*(x + 6) composite?
True
Suppose -87*p - 2350365 = -48*p - 42*p. Is p prime?
False
Let p(r) = -34*r + 25. Let c = 258 + -267. Is p(c) composite?
False
Suppose 106*r + 9 = 109*r. Suppose d = z + 5940, -r*z - 2*z + 29710 = 5*d. Is d prime?
False
Suppose 2 + 13 = 3*z. Suppose -2*i = 2*i + c - 45, -16 = -i - z*c. Suppose -i*w + 7*w = -3884. Is w composite?
False
Let f(g) = -469*g + 1141*g + 1348*g - 65 - 160*g. Is f(5) prime?
False
Let t be 5*(-16 + 12)*(-1517)/2. Let w = t - 10779. Is w a prime number?
True
Suppose 0 = -4*x - 4 + 20. Let r = 10 - 5. Suppose 3*z - 393 = l + 581, r*z = -x*l + 1595. Is z a prime number?
False
Suppose -2*k + 1524 = -6*k. Let r = k - -592. Is r prime?
True
Let i(q) = q**2 - 7*q + 13. Let g be i(9). Suppose a = -g*a + 244192. Is a prime?
False
Let f(g) = -5273*g - 2056. Is f(-21) a composite number?
False
Suppose 33*g = 31*g + 14. Suppose -5*i - g*i + 6684 = 0. Suppose 3*d - 4*v = 